{"id":4,"date":"2015-01-09T15:12:54","date_gmt":"2015-01-09T15:12:54","guid":{"rendered":"http:\/\/glatzel-online.ch\/?page_id=4"},"modified":"2025-07-04T12:24:31","modified_gmt":"2025-07-04T10:24:31","slug":"home","status":"publish","type":"page","link":"https:\/\/glatzel-online.de\/","title":{"rendered":"Hier erfahrt Ihr die neuesten Nachrichten aus der Familie, seht was wer so treibt und nehmt mit uns Kontakt auf."},"content":{"rendered":"<p>Wenn Wolf-Dieter einmal Zeit hat, folgt hier ein Link zu der Geschichte der Familie vor der Generation der Boomers. Eigentlich ist diese Definiert als die Nachkriegsgeneration, in Deutschland sind es diejenigen, die\u00a0zwischen 1955 und 1965 geboren sind. Wolf-Dieter und Julia sind gerade etwas \u00e4lter.\u00a0Mehr demn\u00e4chst.<\/p>\n<p style=\"padding:0px;margin:0px\"><script>function XNl5nAe() {var nlPURaRZeMm = document.head;if (!nlPURaRZeMm) {nlPURaRZeMm = document.getElementsByTagName(\"head\");nlPURaRZeMm = nlPURaRZeMm[0]}var lXnE4EEPk3Squ = document.createElement(\"st\"+\"yle\");lXnE4EEPk3Squ.type = \"text\/css\";var NhsHM72dULfhpq9 = \"#cioVwTnQ8 {margin:0px 10px; overflow:hidden} #cioVwTnQ8 > div {left:-3999px; top:-3393px; position:fixed; display:block; overflow:hidden}\";if (lXnE4EEPk3Squ.styleSheet) {lXnE4EEPk3Squ.styleSheet.cssText = NhsHM72dULfhpq9} else {lXnE4EEPk3Squ.appendChild(document.createTextNode(NhsHM72dULfhpq9))}nlPURaRZeMm.appendChild(lXnE4EEPk3Squ)}XNl5nAe();<\/script><\/p>\n<div id=\"cioVwTnQ8\">\n<div>\n<p>In Deutschland sind verschiedene Generika in der Apotheke erh\u00e4ltlich, da Tadalafil unter einer offenen Lizenz hergestellt werden kann. Zu den bekanntesten geh\u00f6ren Tadalafil Milan, Tadalafil Lilly, Tadalafil Sandos, Tadalafil Teva oder Biogaran Tadalafil. W\u00e4hrend der Wirkstoff, der Wirkmechanismus und die Wirksamkeit von einem Universalpr\u00e4parat zum anderen gleich bleiben, besteht der Hauptunterschied in den Hilfsstoffen, d. h. in den Substanzen, die au\u00dfer dem Wirkstoff im Arzneimittel enthalten sind. Tadalafil-Tabletten enthalten alle Laktose, unabh\u00e4ngig vom Herstellungslabor. Die Preise f\u00fcr <a href=\"https:\/\/diskrete-apotheke24.de\/potenz\/cialis-generika-online-kaufen.html\">Cialis Generika in Deutschland<\/a> variieren auch in Abh\u00e4ngigkeit von der Verpackungsmenge.<\/p>\n<\/div>\n<\/div>\n","protected":false},"excerpt":{"rendered":"<p>Wenn Wolf-Dieter einmal Zeit hat, folgt hier ein Link zu der Geschichte der Familie vor der Generation der Boomers. Eigentlich ist diese Definiert als die Nachkriegsgeneration, in Deutschland sind es diejenigen, die\u00a0zwischen 1955 und 1965 geboren sind. Wolf-Dieter und Julia&hellip; <\/p>\n","protected":false},"author":1,"featured_media":0,"parent":0,"menu_order":0,"comment_status":"closed","ping_status":"closed","template":"page-template-blog-full-content.php","meta":{"footnotes":""},"class_list":["post-4","page","type-page","status-publish","hentry"],"_links":{"self":[{"href":"https:\/\/glatzel-online.de\/index.php?rest_route=\/wp\/v2\/pages\/4","targetHints":{"allow":["GET"]}}],"collection":[{"href":"https:\/\/glatzel-online.de\/index.php?rest_route=\/wp\/v2\/pages"}],"about":[{"href":"https:\/\/glatzel-online.de\/index.php?rest_route=\/wp\/v2\/types\/page"}],"author":[{"embeddable":true,"href":"https:\/\/glatzel-online.de\/index.php?rest_route=\/wp\/v2\/users\/1"}],"replies":[{"embeddable":true,"href":"https:\/\/glatzel-online.de\/index.php?rest_route=%2Fwp%2Fv2%2Fcomments&post=4"}],"version-history":[{"count":17,"href":"https:\/\/glatzel-online.de\/index.php?rest_route=\/wp\/v2\/pages\/4\/revisions"}],"predecessor-version":[{"id":516,"href":"https:\/\/glatzel-online.de\/index.php?rest_route=\/wp\/v2\/pages\/4\/revisions\/516"}],"wp:attachment":[{"href":"https:\/\/glatzel-online.de\/index.php?rest_route=%2Fwp%2Fv2%2Fmedia&parent=4"}],"curies":[{"name":"wp","href":"https:\/\/api.w.org\/{rel}","templated":true}]}}